tor of 147 and 189.
21
What is the highest common factor of 92 and 256?
4
What is the highest common divisor of 2370 and 316?
158
Calculate the greatest common divisor of 3480 and 87.
87
Calculate the highest common factor of 56 and 1078.
14
Calculate the greatest common divisor of 1510 and 10.
10
Calculate the greatest common factor of 2944 and 384.
128
What is the greatest common divisor of 1455 and 9?
3
Calculate the greatest common divisor of 273 and 13.
13
What is the greatest common factor of 22 and 1969?
11
What is the highest common factor of 99 and 2277?
99
What is the highest common factor of 638 and 11?
11
What is the highest common factor of 33532 and 332?
332
What is the highest common divisor of 267 and 15?
3
What is the highest common divisor of 22764 and 12?
12
What is the highest common factor of 484 and 220?
44
What is the highest common factor of 2685 and 30?
15
What is the highest common factor of 108 and 16?
4
Calculate the greatest common divisor of 182 and 546.
182
What is the highest common divisor of 1394 and 221?
17
Calculate the greatest common factor of 162 and 1242.
54
What is the greatest common factor of 83 and 2075?
83
Calculate the greatest common factor of 1173 and 1311.
69
What is the highest common divisor of 680 and 1088?
136
What is the highest common divisor of 2600 and 20?
20
What is the highest common divisor of 225 and 525?
75
Calculate the greatest common divisor of 1920 and 1380.
60
Calculate the greatest common divisor of 6508 and 12.
4
Calculate the greatest common divisor of 730 and 370.
10
Calculate the highest common divisor of 856 and 963.
107
Calculate the greatest common factor of 316 and 3.
1
What is the greatest common divisor of 236 and 16?
4
What is the greatest common divisor of 559 and 26?
13
Calculate the highest common divisor of 12 and 908.
4
Calculate the greatest common divisor of 252 and 81.
9
What is the highest common factor of 6 and 3158?
2
What is the greatest common factor of 1 and 6561?
1
Calculate the highest common factor of 8155 and 10.
5
What is the greatest common factor of 1 and 23?
1
Calculate the highest common factor of 40 and 120.
40
What is the greatest common factor of 323 and 19?
19
Calculate the greatest common factor of 15 and 125.
5
Calculate the highest common factor of 198 and 22.
22
Calculate the highest common divisor of 3627 and 3159.
117
Calculate the greatest common divisor of 189 and 783.
27
Calculate the greatest common divisor of 162 and 102.
6
What is the greatest common divisor of 938 and 14?
14
What is the greatest common divisor of 61 and 7808?
61
Calculate the greatest common factor of 114 and 380.
38
What is the greatest common factor of 16 and 2384?
16
Calculate the greatest common factor of 36 and 372.
12
Calculate the greatest common divisor of 368 and 23.
23
What is the highest common divisor of 955 and 17763?
191
What is the highest common divisor of 26 and 143?
13
Calculate the greatest common factor of 96 and 160.
32
What is the highest common divisor of 24927 and 63?
21
What is the greatest common factor of 24 and 3012?
12
What is the highest common divisor of 18 and 42?
6
What is the greatest common factor of 81 and 549?
9
Calculate the highest common factor of 45 and 5.
5
What is the highest common divisor of 8808 and 24?
24
Calculate the greatest common factor of 52 and 32.
4
What is the greatest common factor of 1584 and 1232?
176
What is the highest common divisor of 512 and 16?
16
Calculate the greatest common divisor of 441 and 81.
9
Calculate the highest common divisor of 36 and 13.
1
What is the greatest common factor of 10 and 7270?
10
Calculate the highest common factor of 72 and 664.
8
What is the greatest common divisor of 19200 and 48?
48
What is the greatest common factor of 1521 and 81?
9
What is the greatest common factor of 6 and 42?
6
Calculate the highest common factor of 13275 and 100.
25
What is the greatest common divisor of 22 and 8?
2
What is the greatest common divisor of 1500 and 12?
12
What is the greatest common divisor of 1925 and 50?
25
What is the greatest common divisor of 89 and 5429?
89
Calculate the highest common divisor of 29 and 667.
29
What is the greatest common divisor of 73 and 2336?
73
What is the greatest common divisor of 142 and 71?
71
What is the highest common factor of 1281 and 122?
61
Calculate the greatest common factor of 282 and 470.
94
What is the highest common divisor of 20 and 140?
20
What is the highest common factor of 3503 and 62?
31
Calculate the greatest common factor of 27 and 234.
9
What is the highest common factor of 54 and 34128?
54
What is the greatest common factor of 946 and 11?
11
Calculate the greatest common divisor of 520 and 470.
10
Calculate the greatest common factor of 297 and 2112.
33
Calculate the highest common factor of 2013 and 22.
11
Calculate the greatest common divisor of 49 and 245.
49
Calculate the greatest common factor of 72 and 1341.
9
What is the greatest common divisor of 28 and 956?
4
Calculate the greatest common factor of 112 and 196.
28
Calculate the greatest common factor of 3505 and 5.
5
What is the greatest common divisor of 17 and 14994?
17
What is the highest common divisor of 63 and 21?
21
Calculate the greatest common divisor of 30 and 1305.
15
What is the greatest common factor of 26 and 364?
26
What is the greatest common divisor of 3738 and 42?
42
Calculate the greatest common divisor of 39 and 208.
13
What is the highest common divisor of 354 and 24?
6
What is the highest common divisor of 107 and 72439?
107
Calculate the greatest common divisor of 204 and 4947.
51
Calculate the highest common divisor of 162 and 144.
18
What is the greatest common divisor of 25894 and 428?
214
Calculate the greatest common divisor of 930 and 30.
30
What is the greatest common divisor of 46 and 46?
46
What is the greatest common divisor of 21620 and 20?
20
Calculate the highest common divisor of 14 and 3.
1
Calculate the greatest common divisor of 108 and 9600.
12
What is the highest common factor of 1656 and 252?
36
What is the greatest common divisor of 600 and 72?
24
Calculate the greatest common factor of 31 and 341.
31
Calculate the greatest common factor of 45 and 210.
15
What is the highest common factor of 279 and 6603?
93
What is the greatest common factor of 168 and 4?
4
Calculate the highest common factor of 22 and 198.
22
What is the greatest common factor of 5 and 36?
1
Calculate the greatest common factor of 90 and 285.
15
What is the highest common divisor of 1984 and 31?
31
What is the highest common factor of 8 and 708?
4
What is the highest common factor of 247 and 1742?
13
What is the greatest common divisor of 3940 and 197?
197
What is the greatest common factor of 465 and 12865?
155
What is the highest common divisor of 204 and 5064?
12
Calculate the greatest common divisor of 5 and 2585.
5
What is the highest common factor of 16 and 6904?
8
Calculate the greatest common factor of 137 and 3836.
137
What is the highest common divisor of 529 and 92?
23
Calculate the highest common factor of 30 and 570.
30
Calculate the highest common factor of 3454 and 44.
22
What is the greatest common divisor of 15 and 405?
15
Calculate the greatest common factor of 1780 and 110.
10
What is the highest common divisor of 1134 and 126?
126
What is the highest common divisor of 328 and 48?
8
Calculate the greatest common factor of 21 and 144.
3
Calculate the highest common divisor of 666 and 592.
74
Calculate the highest common factor of 1083 and 171.
57
What is the highest common factor of 26 and 234?
26
What is the highest common divisor of 258 and 3182?
86
What is the greatest common divisor of 306 and 238?
34
What is the greatest common factor of 44 and 33?
11
What is the greatest common divisor of 98 and 147?
49
Calculate the greatest common factor of 747 and 27.
9
What is the highest common divisor of 2254 and 46?
46
Calculate the greatest common divisor of 58 and 261.
29
Calculate the highest common divisor of 87 and 12.
3
Calculate the highest common divisor of 2977 and 39.
13
What is the highest common divisor of 44 and 143?
11
Calculate the greatest common divisor of 150 and 1425.
75
Calculate the highest common divisor of 112 and